termine y(-10).
-17
Suppose 4*d - p - 18 = 2*p, -3*p + 3 = 3*d. Suppose -3*j - 2*j + 4*s = 12, -9 = 4*j - d*s. Let g(h) = h + 4 + j + 6*h - 3. What is g(-1)?
-6
Let l = -12 - -16. Let u(d) = 11*d - 10. Let b(i) = 25*i - 23. Let o(w) = -3*b(w) + 7*u(w). Give o(l).
7
Let a(w) = -w**3 - 20*w**2 + 51*w + 152. Let y = 5364 + -5386. Determine a(y).
-2
Let x(n) = -31*n - 38. Let y(v) = 7*v + 10. Let f(u) = 2*x(u) + 9*y(u). Suppose -1 = -3*h - 1. Determine f(h).
14
Let y be 15*(-4)/(-36)*3. Let c(a) be the first derivative of 3*a**2 - 1/3*a**3 - 2 + 5*a. What is c(y)?
10
Let a(w) = 8 + 17 + 3*w + 9 + 0*w - 6 - w. Let k = -21 - -7. Determine a(k).
0
Suppose -138 = -5*l + 192. Let d = -64 + l. Let r be (-5 - -3)/(d/(-5 - -1)). Let a(c) = -2*c + 5. What is a(r)?
-3
Let j(c) = 5*c**3 - 4*c**2 + 8*c + 4. Let z(r) = r**3 - 2*r**2 + 2*r. Let s(g) = j(g) - 4*z(g). Let w(p) = 2*p**2 - 21*p + 7. Let u be w(10). Calculate s(u).
13
Let s = -129 - -121. Let b be s/40 + 2/(-10)*19. Let q(w) = 10*w - 3. What is q(b)?
-43
Let u(q) = 3 + 4 + 13 - 2*q. Suppose 13*z - 15*z + 5*w + 58 = 0, 0 = -2*z - 5*w - 2. Let i be u(z). Let t(d) = -4*d - 12. What is t(i)?
20
Let l(v) = 17*v + 3766 - 122*v**2 - 3767 + 7*v + 119*v**2. Give l(6).
35
Let z(s) be the second derivative of s**6/120 - s**5/10 + 7*s**4/24 - 2*s**3/3 + 15*s**2 + 61*s. Let f(a) be the first derivative of z(a). Give f(5).
6
Let v(c) = -4*c**2 + 2*c + 3. Let a(i) = 53*i - 26. Let k be a(-3). Let n be 333/k + (-1)/5. Calculate v(n).
-17
Let j(f) = -184*f**3 - 8*f**2 - 73*f - 12. Let b(h) = 367*h**3 + 15*h**2 + 134*h + 22. Let u(l) = -6*b(l) - 11*j(l). What is u(-1)?
177
Let i be -12*((-8)/3)/(-4). Let c(h) = -2 - 3 + 3*h - 2*h + 4. Let d be c(i). Let a(w) = -w**3 - 8*w**2 + 10*w + 13. What is a(d)?
4
Let f be 108/(-126)*((-280)/36)/((-4)/(-12)). Let m(g) = 4*g - 66. Determine m(f).
14
Let i(v) = 4*v**2 - 5*v**2 + 21 + 48 + 2*v**2 + 1 + v. Give i(0).
70
Let s(c) be the first derivative of -c**5/30 - c**4/4 - c**3/3 - c**2/2 + 2*c - 77. Let y(r) be the second derivative of s(r). Calculate y(-4).
-10
Suppose -113*w = 836 - 271. Let u(a) = -a**3 - 5*a**2 + 7*a + 54. Determine u(w).
19
Suppose 186 = 5*s + 196. Let z(w) = w**3 + 4*w**2 - 6*w. Let f be z(-5). Let d(y) = 0*y**2 + 8*y**3 - 2*y**2 + f - 9*y**3 - 4. Give d(s).
1
Let i(d) be the second derivative of d**7/1260 + d**6/360 + d**5/120 + 15*d**4/4 + 16*d + 3. Let c(q) be the third derivative of i(q). Calculate c(-3).
13
Let p(b) = b**3 + 5*b**2 + 2*b - 2. Let i be p(-2). Let w(r) = 7 - 5 - 4*r + 3 + 4. Give w(i).
-15
Let l(x) be the second derivative of x**4/6 - x**3/2 - 3*x**2/2 + x. Suppose -165*j = -171*j + 96. Suppose -5*q = 25, -4*h - 4*q - 12 = j. Determine l(h).
11
Let w = 4 + -9. Let o(j) = 4*j + j**3 + 6*j**2 + 3*j - 3 + 10 + 0. What is o(w)?
-3
Let o(h) = -4*h**3 + 18*h**2 + 9*h - 12. Suppose -7*g = -49*g - 124 + 334. Give o(g).
-17
Let i(h) = 7*h**2 + h**3 + 7*h + 188699 - 3*h**2 - 188694. Give i(-2).
-1
Let z(q) = -4*q - 6. Let c be z(-6). Let i(t) = 4 - 4*t**2 + 14*t + t**3 + c*t**2 + 7. Let h(m) = 29*m**2 + 1292*m - 598. Let n be h(-45). Give i(n).
-2
Let c(n) = -33*n - 700. Let z be c(-21). Let q(b) = b**3 + 8*b**2 - 49. Calculate q(z).
0
Let q(l) be the first derivative of l**4/2 + 2*l**3/3 - 7*l**2/2 - 5*l + 2208. Give q(-3).
-20
Let g(k) = 6*k + 72. Let t(y) = 6*y + 73. Let v(j) = -4*g(j) + 5*t(j). Let z be v(-9). Let s(h) = h**3 - 23*h**2 + h - 19. Determine s(z).
4
Suppose 3*w - 8*w = -2*m + 27, -3*m + 53 = 5*w. Let c = m + -4. Let x(q) = c + q - 13 + 4*q. Give x(-2).
-11
Let g be (14/(1400/(-125)))/(10/(-16)). Let y(a) = -17*a**2 + 2*a - 2. Calculate y(g).
-66
Let q = 4 - -6. Let d(s) = 40*s - 6*s - 8*s - 9 - 5*s**2 - 15*s. Let i(b) = 17*b**2 - 33*b + 28. Let g(j) = 7*d(j) + 2*i(j). What is g(q)?
3
Let w(n) = n**2 - 6*n + 5. Let x be w(7). Suppose 22 = -18*h + 23*h + 3*j, 4*h + j = x. Let u(z) = 13 + 4*z - 16 + 2*z. Determine u(h).
9
Suppose -9 + 3 = 2*t. Let w(v) = 1 + 1229*v**2 - 579*v**2 + v**3 - 648*v**2 - 4*v. Determine w(t).
4
Let s(j) be the second derivative of -j**4 - 3*j**3/2 + 5*j**2 - 4*j + 26. Determine s(1).
-11
Let q(i) = -i**2 + 8*i + 9. Suppose 5*y + 1888 = -3*w + 6*w, 0 = y - 4. Let k = w - 628. What is q(k)?
9
Let v(s) = s**2 - 2*s - 1. Let r be (-1)/((-12)/(-522)*2/(-4)). Let h = r - 66. Let y = -17 + h. Calculate v(y).
7
Let v be -20 - -16 - (-12)/2. Suppose -u = k + 11, v*k - 6*k + u - 39 = 0. Let m(q) = -q**3 - 10*q**2 + q + 11. Give m(k).
1
Let v(x) = -50*x**2 - 4 + x + 54*x**2 + 2 + 0. Determine v(-2).
12
Let g be (1005/(-135) - -8) + 8/18. Let j(v) = 7*v**3 - 2*v**2 + 4*v - 2. Determine j(g).
7
Let w(g) be the first derivative of -g**4/4 + 13*g**3/3 + 3*g**2/2 + 18*g - 821. Calculate w(13).
57
Let i(y) = -11*y**3 - 13*y**2 - 5*y - 75. Let h(c) = -7*c**3 - 8*c**2 - 3*c - 48. Let d(f) = 8*h(f) - 5*i(f). What is d(0)?
-9
Let r be (-180)/(-15) - 7 - (-6 - -2). Let a(g) = -g**3 + 6*g**2 + 5*g - 5. Let f be a(6). Let p(h) = f*h + 33*h - 56*h - r. Give p(7).
5
Suppose 2*i = -4, -15*i = -2*a - 14*i + 10. Let g(s) = 7*s**2 - 21*s + 3. What is g(a)?
31
Let p(h) = 2*h. Let m(x) = -x. Suppose -l - 7 = -y, -y = -2*y + 4*l + 19. Let z(g) = y*m(g) + 2*p(g). Let v(q) = -q + 3. Let i be v(7). Determine z(i).
-4
Let q(o) = -3*o**2 - 3*o + 3. Let i = 4865 - 4869. What is q(i)?
-33
Let q(s) = -s**3 + 25*s**2 - 24*s + 16. Let w be q(24). Suppose -14*p + 16*p - w = 0. Let o(t) = 2*t**3 + 1 - 5*t**2 - t + p*t**2 - 5*t**2. Give o(2).
7
Let z(t) = -4*t + t + 0 + 5 - 4*t**2 + t**3. Let q(v) = -v**3 + 11*v**2 + 13*v - 38. Let i be q(12). Let f = i + 30. Give z(f).
-7
Let m(h) = 2*h**2 + 7*h - 15. Let x(p) be the first derivative of -p**3/3 - 3*p**2/2 + 7*p - 44. Let c(s) = -6*m(s) - 13*x(s). Determine c(3).
-1
Let q(n) = 10*n**2 + 1. Let x(o) = 50*o**3 + 39*o**2 + 3*o + 2. Let g(d) = -4*q(d) + x(d). Give g(1).
50
Suppose 81*p + 46 + 602 = 0. Let d(m) = 2*m + 9. Calculate d(p).
-7
Suppose 0 = -16*c + 104*p - 103*p - 92, 3*p + 30 = -3*c. Let g(o) = 3*o**2 + 10*o + 6. Calculate g(c).
54
Let l(s) = s**2 - 3*s - 195. Let r be l(-13). Let q(u) = -2*u**3 + 26*u**2 + 5*u - 70. Determine q(r).
-5
Let t(v) = 54 + 63*v - 55 - 62*v. Give t(-24).
-25
Let n(u) = u**3 - u**2 - 1. Let v(b) = 8*b**3 + 5*b**2 - b + 6. Let x = 8 + -4. Suppose 0 = -5*h - x + 29. Let r(c) = h*n(c) + v(c). Calculate r(1).
13
Let m(z) = -6 + 2 - 402*z + 839*z - 286*z + 5. Determine m(-1).
-150
Let h(i) = 87*i + 10271. Let p be h(-118). Let w(c) = -27*c + 123. Give w(p).
-12
Let p(u) = 39*u - 2. Let z(o) = -31*o + 2. Let q(l) = -4*p(l) - 5*z(l). Let n = -4 - 0. Calculate q(n).
2
Let k be 3 - -1*(-12 + 0). Suppose 3*b + 102 = 117. Let n = k + b. Let d(y) = -y**2 - 5*y - 3. Give d(n).
1
Let y(n) = 133*n + 1454. Let k be y(-11). Let f(h) = 4*h**2 - h**2 - 8*h - 2*h**2 - 2*h**2 - 3. What is f(k)?
-12
Let r(u) be the second derivative of -u**4/12 - 2*u**3/3 + 5*u**2/2 - 2762*u. Calculate r(-3).
8
Let b be (-2 - (-1552)/(-10)) + 11/55. Let s = b - -154. Let u(p) = 2*p**2 + 29*p - 5. Let v(q) = -q**2 - 14*q + 2. Let d(r) = -6*u(r) - 13*v(r). What is d(s)?
-11
Let c(j) = 2*j - 149 - 135 + 382 + 3*j - 170. Give c(12).
-12
Suppose 3*y - 36 = 7*y - 4*l, 0 = -2*y - 5*l + 10. Let x(c) = -c**3 + 565 - 1692 + 582 + 546 + 5*c - 4*c**2. Give x(y).
1
Suppose -1 = -4*m + 19. Let o(i) = -5 + 26 - 1 - 8 - 7 - i. Let l be o(m). Let s(z) = -z**2 - 6. What is s(l)?
-6
Suppose -v = -d + 10, 4*v - 3*d - 1 = -35. Let p(m) = -m - 2. Determine p(v).
2
Suppose 24 = -0*c - 4*c. Let v(n) be the third derivative of n**6/120 + 2*n**5/15 + n**4/3 - 2*n**2 + 79790. Give v(c).
24
Suppose 0 = 3*t - 3*u, 4*u = -5*t + 3*t + 36. Let o(k) = k**3 - 6*k**2 - k. Give o(t).
-6
Suppose -7*h + 4 + 66 = 0. Let r be ((-4)/(-16))/(h/40). Let c(v) = 3*v**2 + v - 1. Give c(r).
3
Let l(c) be the first derivative of -c**7/840 - c**6/45 - c**5/120 - c**4/4 + 73*c**3/3 + c**2/2 - 170. Let j(i) be the third derivative of l(i). Give j(-8).
2
Let w(r) = 19922496*r**2 - 9 - 7*r - r**3 + r**3 + r**3 - 19922494*r**2. Give w(-4).
-13
Let v(d) be the first derivative of d**3/3 + 3*d**2 - 7*d - 1501. Let f = 2 - 8. Give v(f).
-7
Suppose 0 = c + g + 12, -c - 3*g - 7 = 7. Let u(s) = s**3 + 4*s**2 + 4*s - 2. Let i be u(-3). Let d = i - c. Let f(l)